y t.
14
Suppose 0 = -4*b - b - 30. Let o(p) = p**2 + 2*p + 4. Let f(l) = 2*l**2 + 3*l + 1. What is the remainder when o(b) is divided by f(-3)?
8
Let f = 0 - -2. Calculate the remainder when (-988)/(-416) + (3/8)/(-1) is divided by f.
0
Let z(j) = j**3 + 8*j**2 - j - 8. What is the remainder when z(-7) is divided by 17?
14
Let z(k) = k + 14. Let j(b) = 2*b**3 + 3*b**2 + 3*b + 3. Let g be j(-2). Calculate the remainder when 13 is divided by z(g).
6
Suppose 7*l - 2*l = 20. Let h(s) = -2*s**3 + s**2 - s - 1. Let b be h(-1). Suppose d = 4*t + t - b, 2*t - l = -d. What is the remainder when 2 is divided by t?
0
Let q be (1/1)/(6/144). Suppose 4*l - 2*l = 0. Suppose n + 4*f - 18 = l, 0 = -2*n + 4*n - 4*f - q. Calculate the remainder when 41 is divided by n.
13
Suppose s - 3*f - 50 = 0, 4*s - 2*s + 2*f - 68 = 0. Suppose 0 = 3*j - j - 20. What is the remainder when s is divided by j?
8
Let g(z) = z**3 + 10*z**2 - 2*z + 7. Calculate the remainder when g(-10) is divided by 14.
13
Let z(u) = -u**3 + 4*u**2 - 2*u + 1. Suppose x - 20 = -3*x, -x - 6 = -q. Suppose -q = 5*l - 46. What is the remainder when l is divided by z(3)?
3
Let t = 63 - 37. What is the remainder when t is divided by 10?
6
Calculate the remainder when 42 is divided by 2*5/(15/18).
6
Let i = 2 + -1. Let k(l) = -6 - i - 12*l + 16*l. Calculate the remainder when 37 is divided by k(5).
11
Let r = 29 + 46. Suppose -3*u = 4*h - 0*u - r, 3*h - 55 = -2*u. What is the remainder when 57 is divided by h?
12
Let x(n) = n**3 + 6*n**2 + 2*n + 3. Let l(b) = 4*b**3 - 1. Let s be l(-1). What is the remainder when 34 is divided by x(s)?
16
Let j(y) = y**2 - 5. What is the remainder when 99 is divided by j(-5)?
19
Suppose 23*n = 9*n + 938. Calculate the remainder when n is divided by 14.
11
Suppose 12 - 152 = -4*s. What is the remainder when s is divided by 12?
11
Let y = 2 + 45. What is the remainder when y is divided by 16?
15
Suppose 4*o - 30 = -0*o - d, 4*d = -2*o + 8. Suppose -3*j - o = -5. Let a = j - -2. What is the remainder when a is divided by 1?
0
Let d(f) = -5 - 11*f + 1 + 3. Calculate the remainder when d(-3) is divided by 11.
10
Let i(l) = 4*l + 1. Let x be i(2). Let o = x - 3. What is the remainder when 16 is divided by o?
4
Let q(w) = -10*w - 6. What is the remainder when q(-7) is divided by 33?
31
Suppose 20 = -5*q + f, -7*f + 13 = 4*q - 2*f. What is the remainder when 2 - 17/(q - -2) is divided by 10?
9
Suppose 0 = 5*s + 4 + 6. Let v = s - -1. Calculate the remainder when -3 + (v + -1 - -46) is divided by 21.
20
Let d be 63/77 - (-4)/22. Let n(v) = 25*v**2 + 2*v - 1. Calculate the remainder when n(d) is divided by 9.
8
Suppose -2*d - 2*d + 44 = 0. Let k(q) = q**3 + 4*q**2 - 1. Let y be k(-4). What is the remainder when (-20)/y*(-1 + 2) is divided by d?
9
Let z(q) = -q**2 + 3*q + 2. Let p be z(2). What is the remainder when p/14 + 141/21 is divided by 2?
1
Let a = 24 + -40. Let k = a - -39. Calculate the remainder when k is divided by 12.
11
Suppose -u + 32 = -4*j - 5*u, 3*j + 22 = -2*u. Let q be 48/(-5) + j/15. What is the remainder when (-57)/(-2)*q/(-15) is divided by 10?
9
Let a = -188 + 493. Calculate the remainder when a is divided by 51.
50
Suppose -2*l + 4*t = -7*l + 76, -3*l - 5*t = -56. Calculate the remainder when 45 is divided by l.
9
Calculate the remainder when 87 is divided by -2 + 1 - (-8 + 11 + -34).
27
Let c = 96 + -57. What is the remainder when c is divided by (-18)/(-90) + (-208)/(-10)?
18
Suppose -5*k + 13 + 37 = 0. Suppose -3*f = -0*f + 4*c - 15, 5*c = 5*f + k. Calculate the remainder when 3 is divided by f.
0
Let s = 0 - -1. Suppose -4*m - 4 = 0, -q - m + 0*m - 13 = 0. What is the remainder when 2/8*(-4 - q) is divided by s?
0
Let i(m) = -m**2 - 11*m + 34. Calculate the remainder when 106 is divided by i(-12).
18
Suppose -2*p - p = l - 23, 5*l - p = 51. Calculate the remainder when (42/4)/((-2)/(-4)) is divided by l.
10
Let h = -28 + 61. Let b = h + -21. Calculate the remainder when 35 is divided by b.
11
Let v(n) = -4*n - 6. Let p be v(-9). Suppose -2*a - 3*a = -p. Suppose 2*j = -j + a. Calculate the remainder when j is divided by 2.
0
Suppose -5*h = -42 - 58. Let d = 21 - h. What is the remainder when 3 is divided by d?
0
Let q = 6 + 3. Calculate the remainder when 34 is divided by q.
7
Let z be (-6 + 3)*1 - -5. Suppose i + z = 5. Calculate the remainder when 4 is divided by i.
1
Suppose -13 = -x + 4. Let w(j) = -j**2 + 9*j + 10. Calculate the remainder when x is divided by w(9).
7
Let r = 10 - 7. Let z be r + (-2 + 0 - -1). Suppose -19 = -5*a - z*i + 1, 4*a - 3*i = -7. Calculate the remainder when 2 is divided by a.
0
Suppose 4*v - 15 = 5*s + 42, -4*v + 47 = 5*s. Suppose -2*k + 14 = -2. What is the remainder when v is divided by k?
5
Let t be (2/(-3))/((-1)/30). Suppose 98 = 3*u + t. Let i = u - 9. Calculate the remainder when i is divided by 9.
8
Let m(a) = 27*a**2 - a. Suppose 5*z = 8 - 3. Calculate the remainder when 76 is divided by m(z).
24
Suppose 4*s - 33 = s. Suppose -7 + 3 = -5*v - q, 0 = 2*q - 8. Suppose p - 15 - 17 = v. Calculate the remainder when p is divided by s.
10
Suppose -5*i = 23 - 98. What is the remainder when 42 is divided by i?
12
Suppose -147 = -2*s + 69. What is the remainder when s is divided by 37?
34
Calculate the remainder when (1008/(-64))/(2/((-96)/9)) is divided by 23.
15
Let a be (0/(-1))/(0 - 3). Calculate the remainder when (-276)/(-6) - (2 - a) is divided by 23.
21
Let v = 4 + 16. Suppose 3*g - v - 43 = 3*i, 4 = -4*i. Suppose 3*o - 136 = j - 6*j, -j = -3*o - g. What is the remainder when j is divided by 14?
12
Let j = -4 - -18. Let x(t) = -1 + 3 + t**2 + 3*t - 3. What is the remainder when x(4) is divided by j?
13
What is the remainder when 118 is divided by (1 + 4)*3*48/90?
6
Let k = -69 + 149. What is the remainder when k is divided by 21?
17
Let i(k) = -k**2 + 6*k + 2. Let b be i(6). Suppose -b*w + 85 = 3*w. What is the remainder when w is divided by 9?
8
Let y(u) = -5*u + 5. Let h be y(-4). Suppose -h = -2*t - 3*t. Suppose 0 = 3*r - 5*m + m - 135, 0 = -t*m - 15. What is the remainder when r is divided by 14?
13
Suppose -4 = -4*w + 3*g, -g - 3*g + 5 = 5*w. Let p(y) be the third derivative of 5*y**4/24 + y**2. What is the remainder when 14 is divided by p(w)?
4
Suppose 0*b - 4 = 4*b. Let h = 1 - b. Let s(n) = n**2 + 3*n + 3. What is the remainder when h is divided by s(-2)?
0
Let t be 6/((1 + 0)*2). Suppose 0 = t*x + 2*u - 55, 0 = 3*u - 2 - 4. What is the remainder when 31 is divided by x?
14
What is the remainder when (345/(-6) + -1)/((-1)/2) is divided by 60?
57
Suppose 13 = m - 3*v, m - v - 3 = -0*v. What is the remainder when -6*m/(-2 - -8) is divided by 2?
0
Let a be (16/(-40))/((-2)/(-70)). Calculate the remainder when 28 is divided by (4/a)/(7/(-245)).
8
Let p be -5*((-36)/(-15) + -2). Let k be (0/(-4))/(p - -1). Let x = 5 - k. Calculate the remainder when 8 is divided by x.
3
Let i(u) = u**2 - u - 1. Let x(k) = 7*k**3 - 7*k**2 + 6*k + 7. Let z(m) = -6*i(m) - x(m). What is the remainder when (-140)/(-8) - 2/(-4) is divided by z(-1)?
4
Let p(h) = -h**3 - 2. Let k be p(-2). Let z(o) = -3*o - 13. Let i(b) = 2*b + 13. Let m(w) = 4*i(w) + 3*z(w). What is the remainder when 13 is divided by m(k)?
6
Let p = -111 - -206. Suppose 0*l + p = 5*l. Let u = -1 + 11. Calculate the remainder when l is divided by u.
9
Calculate the remainder when (51 - (6/(-2))/(-3)) + 1 is divided by 13.
12
Let k(m) = m**3 + 6*m**2 - 4*m - 8. Let p be (28/(-8))/(3/(-18)). Let j = -12 + p. What is the remainder when k(-6) is divided by j?
7
Let n = 5 + -17. Let b = n + 4. Let t = b - -20. Calculate the remainder when 22 is divided by t.
10
Let j be -56 + 4 - 4/(-2). Let o = j - -79. Calculate the remainder when o is divided by 8.
5
Suppose -5 = -5*v - 0*v, 0 = -3*g + 5*v + 19. Calculate the remainder when g is divided by 4.
0
Let q = -8 + 14. Let b(x) = -x**3 + 6*x**2 + 3. Let w be b(q). Suppose -79 = -4*l - w. What is the remainder when l is divided by 11?
8
Let a be (-9)/(-6)*(-8)/(-6). Suppose 12 = a*l + l. Suppose 5*o - 39 = -g, -l*o + 8*o = -4*g + 76. Calculate the remainder when g is divided by 5.
4
Let z = 7 + -3. Suppose -4*w + 176 = 16. Suppose -4*m = -2*j - w, 3*m - 5*j = 12 + 11. What is the remainder when m is divided by z?
3
Let a(p) 